372 - -381 - (-1 + 13)) + 14?
83
Calculate (27 - 1) + (912 - 1056).
-118
Evaluate (1 + -108 - (-1577 - -1537)) + -7.
-74
What is 1 - -4 - (-455 - -503) - -162?
119
-21 + 29 + 7 - (-16 + -1 + 9)
23
What is the value of 15 + (14 - (20 - -12)) + -18?
-21
Calculate -11 + ((6 - 21) + 5 - (-39 - -34)).
-16
What is 14 + -18 + (5 - (4 - 7)) + -46?
-42
23 + (11 - 4) + -3 + -9 - -3
21
Evaluate 7 + 1 + (263 - 281) + (-2 - 48).
-60
9 - (13 + 11 + -10 - 11)
6
Calculate -3246 + 3304 + -39 + 0.
19
Evaluate (93 - (37 - 53)) + -31 + -1.
77
What is 51 - (0 - 18 - (-139 - -107))?
37
Evaluate 46 + 19 + (6 - (-9 + (-8 - -34))).
54
Calculate -48 - (-97 + 63) - (-21 - (0 + -3)).
4
Evaluate 66 - (245 - 29) - -33.
-117
What is 3 + 76 + 54 + (-6 + 26 - (-2 + 6))?
149
Evaluate (1 - 4) + -35 + (7 - -67).
36
What is the value of 66 + -82 - (3 - 14) - (-31 + 16)?
10
Calculate 2 - (-28 - (47 - 61)).
16
What is the value of (39 - -37) + -24 - 54?
-2
Calculate (131 - 85) + -51 + 2 + 6.
3
What is -35 - (-11 + 40 + -160)?
96
Evaluate -4 + -19 + (491 - 420).
48
What is -535 - -599 - (56 + -2)?
10
Evaluate 40 + -8 + 0 + 144 + -133 + -2.
41
Evaluate 4472 + -4451 + (18 - 1) + -20 + -1.
17
What is 1184 + -1194 + 68 + 1 + -13 + -4?
42
What is the value of (-20 - -2) + -4 - (-983 + 985)?
-24
Evaluate 57 - 2 - (-258 + 267).
46
What is (-108 - -113) + -42 + 14?
-23
What is the value of -32 - (-10 + 13 + -13) - -33?
11
-1 + -3 - ((387 - 381) + -50 + (3 - 4))
41
Evaluate -101 - ((-464 - -443) + -2 + 13).
-91
Evaluate (-94 - -3 - -34) + 14.
-43
Evaluate (-7 - 15) + (-3 - -1) - (12 + 2).
-38
What is the value of 35 - (13 + 4 + -49 + 6)?
61
(-12 + 3 - -4) + (56 - 27 - 0 - 19)
5
What is the value of -31 - (-20 + 10 + 56) - -34?
-43
17 + (13 - ((-14 - 17) + 7)) + -2
52
3 + -18 + (-124 - -26 - -67)
-46
What is the value of (45 - (14 + -22)) + -9 - -8?
52
Calculate -29 + (-58 - -8) + 31.
-48
What is the value of 9 - 4 - (124 - 130 - (59 + (2 - 1)))?
71
-7 + 9 + -11 + -3 + -6 + -13
-31
-369 - -206 - (-8 + 7 + -31)
-131
Evaluate 23 + (12 + (-11 - -15 - 1) - 27).
11
What is -11 + 24 + (65 - 75)?
3
Evaluate ((8 - 21) + 6 - -22) + 13 + -16.
12
(20 - (1 - 1)) + -1033 + 1018
5
Evaluate -5 + 15 + (4 - 6 - 1) + 26.
33
What is (-379 - -364) + -4 + 9 + 44?
34
What is (8 - (-1 - (0 - -1))) + 5278 + -5303?
-15
Evaluate (-15 - ((36 + 1 - 46) + (1 - -44))) + -12.
-63
18 + 11 + -2 + -9 + -6
12
Calculate 0 + -10 - (35 + -60 + 4 + -1) - 41.
-29
What is 7 + -19 + -49 + 24?
-37
Evaluate 48 + (-61 - -34) + (-2 - 10 - -3).
12
Calculate 0 + -55 + 344 + -290.
-1
What is -45 - (102 - 105 - (-3 + 2))?
-43
125 + -33 - 34 - 39
19
What is the value of (-18 - (6 + -15 + 3)) + 13?
1
Evaluate 7 + -1 + -13 - -5 - (28 - 92 - 19).
81
Evaluate (-19 - (2 + 9 - (-48 - -68))) + 151.
141
What is the value of 30 - (-27 + 7 + 27 - -11)?
12
Calculate -48 + 27 + (-13 - -27).
-7
Calculate 219 + -154 + -72 - (-5 - 4).
2
Calculate 96 + (188 - 290) - (0 + 23 + (-2 - -1)).
-28
2 - (0 + -8) - (-74 - -81) - (5 + 25)
-27
Calculate 69 + (-7 + -23 - (-44 - -31)) - -17.
69
Calculate -6 - -3 - -3 - (705 - 737).
32
10 + 80 + (186 - 207 - (0 - 23))
92
41 - (273 + -282 - (-16 - (-3 - 0)))
37
Calculate (2 - 0) + -2 + 4 + -342 + 338.
0
What is (37 - 1) + (31 - (56 + 114))?
-103
What is (-34 - (-67 + -20)) + -28 + 13 + 3?
41
Calculate 26 - ((9 - 20) + -3 + 19 + -9).
30
What is -73 - (-98 + 33) - (-29 + 0) - 11?
10
Calculate -69 + -19 + 142 + 10.
64
What is the value of 7 - (285 + -265 + 0 + -20 - -11)?
-4
Evaluate 94 - (12 - -57) - 75.
-50
What is the value of -25 + 31 - 36 - -53?
23
-9 + (185 - 154 - (40 + 1))
-19
Calculate (2 - (2 - 2)) + -46 + -22 + 37.
-29
66 + -10 - (-18 + 15) - -16 - 12
63
What is the value of 1 + 19 + -19 + -141 + 4 - -23?
-113
127 - 223 - (-34 + (15 - 14))
-63
Calculate -11 + (41 - (86 - 41)).
-15
What is the value of 0 + -10 + (101 + -93 - -1)?
-1
8 - 68 - (-87 - (-42 - 3))
-18
(99 - (-18 - -113)) + 3 + 84
91
What is 1 + -28 + (229 - 212) - -19?
9
Evaluate (24 - 3 - (-29 + 79 + -38)) + 77.
86
(10 - -2) + 2 + (128 - 127 - (141 - 1))
-125
Evaluate 109 + -2 - (-155 + -88 - -258).
92
What is (-3 - (-2 - -3)) + (-79 - -194 - 54)?
57
What is -4 + (-22 - -10) + 10 - -26?
20
Evaluate 0 + -4 + (-87 - -55) + (-2 - -11) + 2.
-25
Evaluate 60 - (22 - -10) - 1.
27
What is 1 - -15 - (-2522 - -2571)?
-33
What is -24 + (23 - (-6 + 37 - -4))?
-36
0 - -2 - (136 + -67 - (-1 - -18))
-50
What is 3 + 87 - (747 + -749 - (0 - 3))?
89
Evaluate 56 + 7 + -52 + 71.
82
Calculate 37 - 1 - (201 + -97 - 104).
36
Evaluate (-568 - -580) + -3 + (1 - 89).
-79
Evaluate -15 + (17 - (-15 + 49) - -17) + -41.
-56
Calculate 7 + (0 - -2) + ((17 - -17) + -6 - 103).
-66
Evaluate -31 + 167 + -61 - 47.
28
What is the value of (37484 - 37448) + (2 + -1 + -1 - -1)?
37
-6 + (-9 - -2) + 20 + -3 + -4 + -45
-45
What is the value of 1 - (0 - 23) - (-30 + -84 + 106)?
32
Calculate -21 - (-9 - -11) - (-63 - 25).
65
Calculate 4 + -12 + -26 - 19.
-53
Evaluate -64 + -1 - (14828 + -14853).
-40
Calculate 61 - -2 - (92 + -9 - 65).
45
(39 - ((38 - 14) + -7) - -12) + (-7 - -2)
29
Calculate 4212 + -4100 + (4 - 125).
-9
Evaluate -10 - -18 - 21 - (-1 - (49 - -5)).
42
Calculate (-102 + -17 - -61) + -8.
-66
(-82 - (-93 + 27)) + 1 + 7
-8
Calculate (1004 - 1032) + (1 - (0 + -16)).
-11
What is the value of -2 + 2 + -30 + 225 + -200?
-5
What is 7 + (4 - 73) + (17 - (3 + 24))?
-72
What is the value of (-46 - (-39 - -5)) + -20?
-32
What is the value of 4 + 0 + (39 - 0) + 23 + (-35 - -15)?
46
Calculate 8 - 5 - -11 - (8 - -12 - 5).
-1
Evaluate 55 - 85 - (-1 - (-8 + 4)) - 6.
-39
What is -12 - (-14 + -9 + (8 - -2) + 12)?
-11
What is the value of -12 + 79 + -36 + (2 - 1) + 6?
38
0 + 4 + -14 + 16 + (-13 - -17)
10
What is 58 + (1 + 3 - (-392 + 384) - (2 - 1))?
69
What is the value of 5 - (4 + 5 + -7) - (-933 + 948)?
-12
Calculate -56 - 54 - -35 - (2 + -17).
-60
Calculate 4 + -27 + -634 + 643.
-14
What is (-48 - -105) + (0 - (2 - 8)) + 29 + -28?
64
Evaluate 61 + (13 - (-5 + -11 + 33)) + 18.
75
What is (-10 - (-5 - -8)) + 16 + 6 + (-79 - 3)?
-73
What is the value of 4 - -118 - ((-55 - -131) + -55)?
101
What is the value of 107 + -68 - (-23 + 90)?
-28
Evaluate -7 + 94 + 28 + (3 - -4 - 16).
106
Evaluate -23 + -2 - (-24 - (-3 + -25) - -4).
-33
What is -194 + 151 + (116 - 13)?
60
What is -61 + (-4 - -2) + -30 + 25 + 1?
-67
What is 44 - 68 - 81 - (-42 + 0)?
-63
Evaluate -1 + 19 + (294 - 408) + 1 + 11.
-84
-9 - (134 - 126 - 56)
39
What is the value of 33 + -31 + 28 - (-2 + -2) - -14?
48
Calculate 11 + 2 - (9 + (-7 - -4)) - (77 - 20).
-50
What is the value of -12 + (2 + -2 + -36 - (-12 + 2))?
-38
What is the value of ((0 - -3) + -1 - -2) + (98 - (108 - 8))?
2
What is the value of (18 - -4) + 19 + (-4 - (4 + 5))?
28
What is the value of -9 - -58 - (5 - (6 + -7) - (-3 - 2))?
38
(-43 - -94 - 89) + 180
142
What is the value of 25 + 1 + (-88 - -79) + (6 - (1 - 4))?
26
What is the value of -30 + 48 + (-3 - 19)?
-4
What is the value of -1 + ((18 - 4) + 0 + -22 - (26 - -3))?
-38
What is the value of 39 + -48 + (-14 - -17)?
-6
62 - 61 - (-20 + -1) - -8
30
12 - (-54 + (-32 - -76))
22
-1 - (1 + -7) - (-269 + (15 - -322))
-63
Calculate 9 + -17 + -10 - -26 - 22 - -40.
26
What is the value of 0 + 34 + 349 + -353?
30
Calculate 38 - (25 + (-51 - -70)).
-6
40 - ((21 - (24 - 30)) + -5)
18
What is (-7 - (3 + -40)) + (21 - (-8 + 25))?
34
What is the value of 0 + 1 + -8 - (124 + -61 + -44 + 15)?
-41
146 - 78 - 81 - ((1 - -44) + (18 - 16))
-60
Evaluate -34 - (26 - (-30 + (134 - -33))).
77
What is the value of (38 - 28 - 23) + (4 - 5) + 11?
-3
Calculate 4 + 9 - (4 + 32 + -1) - -9.
-13
Evaluate (26 - -13) + -21 + (0 - -13) - (2 - -1).
28
Evaluate -71 - (-58 - -25) - -24.
-14
What is the value of 4 - (221 - 220 - (0 - 27)) - (2 - 5)?
-21
Calculate (-44 - 1) + 30 + (-15 - (24 - 5)) + 1.
-48
Calculate 2355 + -2280 + (-4 - -32).
103
-59 - (-19 - 21) - -36
17
What is the value of 0 + -2 - -28 - (9 + -15)?
32
Evaluate (405 + -372 - (0 + -35)) + -29.
39
What is the value of -35 - (8 + 53 - 7) - (0 + -5 - -2)?
-86
What is -113 + 8 + -3 + 5 - (17 - (47 - 35))?
-108
Calculate -1 - (-26 + -14 + 57).
-18
What is (211 - 57) + -61 + -109?
-16
What is the value of 2 + 1 + -27 - ((-20 - -7) + 19 - 2)?
-28
Calculate 1 - -102 - (-11 - (1 + -29 + (1322 - 1304